12) to base 2
1001100000
Convert -87 (base 12) to base 4.
-1213
What is -1001001111 (base 2) in base 3?
-210220
-310 (base 8) to base 13
-125
What is -ede (base 16) in base 11?
-2950
What is -517 (base 16) in base 8?
-2427
-4232 (base 5) to base 15
-27c
What is -513 (base 6) in base 5?
-1224
-11000101 (base 2) to base 6
-525
334335 (base 7) to base 11
40500
What is 2b8 (base 15) in base 13?
38c
What is -1431 (base 11) in base 13?
-ac3
410 (base 7) to base 12
14b
What is -211021 (base 4) in base 16?
-949
Convert -10222000 (base 3) to base 12.
-1809
1258 (base 9) to base 10
944
What is 12001 (base 5) in base 8?
1554
Convert 595a (base 12) to base 16.
2716
-3315 (base 8) to base 9
-2344
Convert -1100010011101001 (base 2) to base 4.
-30103221
Convert -121202 (base 4) to base 14.
-84a
121221 (base 3) to base 9
557
Convert -2507 (base 8) to base 12.
-947
3240 (base 5) to base 12
311
What is -20021 (base 3) in base 14?
-c1
Convert 1333 (base 4) to base 5.
1002
5554 (base 9) to base 4
1000003
1586 (base 11) to base 7
5630
-2ef8 (base 16) to base 15
-3869
-532 (base 10) to base 6
-2244
What is -211202 (base 3) in base 7?
-1535
Convert 19d (base 15) to base 9.
454
What is 144032 (base 5) in base 4?
1133332
Convert -1110000000 (base 2) to base 9.
-1205
Convert -232121 (base 5) to base 10.
-8411
-692 (base 10) to base 11
-57a
What is 3000 (base 4) in base 9?
233
What is 324 (base 11) in base 13?
23c
Convert 20211133 (base 4) to base 8.
104537
Convert -4710 (base 8) to base 7.
-10205
Convert 1676 (base 8) to base 2.
1110111110
What is 3541 (base 7) in base 3?
1210021
What is 11e (base 16) in base 13?
190
Convert 611 (base 11) to base 15.
343
What is 1042 (base 6) in base 3?
22222
Convert -11011111 (base 2) to base 11.
-193
Convert 7311 (base 10) to base 3.
101000210
Convert 441110 (base 5) to base 6.
154055
What is 9365 (base 11) in base 12?
7225
121b (base 12) to base 8
3767
Convert -20331 (base 4) to base 14.
-2cd
-13312 (base 4) to base 14
-27c
What is -64 (base 9) in base 16?
-3a
93 (base 11) to base 12
86
-218 (base 16) to base 7
-1364
2000111 (base 3) to base 7
4201
-2786 (base 14) to base 16
-1b42
-165a4 (base 13) to base 2
-1010011011100010
Convert 9 (base 13) to base 3.
100
What is -587 (base 15) in base 7?
-3436
Convert 786d (base 14) to base 8.
50611
What is 18384 (base 9) in base 12?
7434
1044521 (base 6) to base 4
30322201
Convert 1df (base 16) to base 5.
3404
308 (base 12) to base 11
370
-6ab (base 12) to base 11
-825
217 (base 8) to base 6
355
-649 (base 13) to base 4
-100303
-41330 (base 5) to base 3
-10201120
-1340 (base 8) to base 14
-3a8
Convert 465 (base 12) to base 3.
220012
-14134 (base 7) to base 8
-7407
Convert -11101000010110 (base 2) to base 3.
-202101202
Convert 440021 (base 5) to base 9.
22528
What is 2421 (base 16) in base 6?
110453
Convert 2323 (base 4) to base 5.
1222
What is 1002000 (base 3) in base 5?
11113
-1223 (base 8) to base 13
-3b9
What is -5140 (base 9) in base 4?
-322302
1376 (base 12) to base 5
33000
Convert 7557 (base 12) to base 9.
18604
Convert a (base 14) to base 3.
101
-67b6 (base 12) to base 5
-332024
Convert -2322 (base 12) to base 13.
-1a21
What is -13c0 (base 15) in base 16?
-1086
What is -125324 (base 6) in base 7?
-45511
22310 (base 4) to base 16
2b4
Convert -310022 (base 4) to base 10.
-3338
What is -10033300 (base 4) in base 5?
-1024032
1111011110010 (base 2) to base 16
1ef2
Convert -10000101011 (base 2) to base 4.
-100223
Convert -202221 (base 3) to base 15.
-27a
-201330 (base 5) to base 9
-8773
748 (base 12) to base 11
888
Convert 1b07 (base 14) to base 16.
132b
What is -202 (base 9) in base 6?
-432
75 (base 16) to base 9
140
What is 592 (base 13) in base 7?
2545
What is 18df (base 16) in base 7?
24364
580 (base 10) to base 16
244
27b (base 12) to base 14
1d5
Convert 4320 (base 5) to base 4.
21021
Convert -3e1 (base 15) to base 10.
-886
Convert 20112 (base 4) to base 9.
653
Convert -4bb3 (base 12) to base 3.
-102211200
Convert -13449 (base 14) to base 3.
-2102011011
Convert 57 (base 8) to base 5.
142
dac (base 14) to base 16
a8c
-2199a (base 13) to base 5
-3422332
Convert -2250 (base 6) to base 14.
-2a2
20105 (base 8) to base 12
4945
1110 (base 3) to base 7
54
What is -1213 (base 4) in base 15?
-6d
Convert -269 (base 15) to base 8.
-1045
-27418 (base 11) to base 7
-222000
Convert 12614 (base 8) to base 14.
2020
Convert 1505 (base 6) to base 3.
112212
Convert -581 (base 12) to base 10.
-817
9fc (base 16) to base 3
10111200
What is -54 (base 10) in base 14?
-3c
-6375 (base 8) to base 3
-11120011
What is 101011101011 (base 2) in base 10?
2795
What is -ea2 (base 16) in base 12?
-2202
What is 122210101 (base 3) in base 11?
9821
-2250 (base 6) to base 15
-259
-15665 (base 7) to base 16
-1169
Convert 252 (base 12) to base 16.
15e
-39b3 (base 14) to base 16
-27a9
14280 (base 10) to base 13
6666
20022 (base 4) to base 7
1344
What is -10002 (base 7) in base 14?
-c39
455 (base 6) to base 14
cb
Convert -4004 (base 16) to base 3.
-211110222
Convert -100212 (base 3) to base 16.
-10a
What is -1530 (base 9) in base 12?
-809
Convert 1063 (base 8) to base 15.
278
Convert -34202 (base 6) to base 2.
-1001011011010
What is c71 (base 16) in base 15?
e25
Convert 51c (base 16) to base 15.
5c3
Convert -11111011101100 (base 2) to base 13.
-7441
-4114 (base 5) to base 12
-386
What is 3451 (base 7) in base 16?
4ed
301331 (base 5) to base 6
112223
What is -726 (base 9) in base 16?
-24f
Convert 1124 (base 7) to base 13.
257
122210121 (base 3) to base 4
3022300
Convert -202120111 (base 3) to base 16.
-3a96
Convert 17264 (base 8) to base 2.
1111010110100
Convert -2010111111 (base 3) to base 8.
-121675
-593c (base 13) to base 9
-18202
-24a (base 11) to base 7
-602
-681 (base 16) to base 11
-1284
Convert 665 (base 8) to base 6.
2005
-22455 (base 6) to base 13
-15c5
23010 (base 4) to base 8
1304
-2340 (base 16) to base 14
-3408
-5108 (base 16) to base 7
-114323
10120213 (base 4) to base 14
678b
-10001231 (base 4) to base 11
-11434
-43015 (base 7) to base 8
-24625
What is -1853 (base 9) in base 13?
-858
What is 8887 (base 11) in base 16?
2dbf
What is -4253 (base 9) in base 10?
-3126
What is -2436 (base 11) in base 6?
-22425
What is 13cca (base 13) in base 9?
56205
Convert 8 (base 11) to base 16.
8
What is -11400 (base 5) in base 15?
-3ba
What is -323 (base 15) in base 8?
-1304
e14f (base 16) to base 2
1110000101001111
What is -218 (base 11) in base 9?
-320
1960 (base 15) to base 3
21112100
What is 7a19 (base 14) in base 3?
1002001212
-2478 (base 9) to base 5
-24403
Convert 12267 (base 8) to base 14.
1d0b
4031 (base 6) to base 2
1101110011
Convert -747 (base 11) to base 8.
-1602
10430 (base 5) to base 8
1344
What is -6527 (base 12) in base 11?
-8399
111101011000 (base 2) to base 6
30104
-11c96 (base 15) to base 8
-157011
182b (base 15) to base 3
21011012
Convert -2243 (base 6) to base 8.
-1023
Convert -164 (base 9) to base 8.
-213
Convert -1cc (base 13) to base 15.
-177
Convert 1363 (base 7) to base 9.
654
-68ca (base 13) to base 5
-432300
Convert -55c (base 16) to base 9.
-1784
67547 (base 8) to base 15
86b4
What is -2055 (base 7) in base 13?
-43b
What is be (base 15) in base 5?
1204
What is 7782 (base 10) in base 16?
1e66
1e4e (base 16) to base 8
17116
Convert 23744 (base 9) to base 15.
4ab1
What is 24122 (base 6) in base 9?
4725
1211100102 (base 3) to base 14
d179
-34231 (base 5) to base 3
-10100102
What is -301 (base 16) in base 3?
-1001111
111101101101011 (base 2) to base 10
31595
Convert -5760 (base 9) to base 14.
-17aa
What is -ad6a (base 16) in base 12?
-21836
What is 34620 (base 7) in base 14?
3347
What is -1080 (base 11) in base 14?
-735
Convert 104c1 (base 16) to base 5.
4114003
Convert -a97b (base 12) to base 6.
-222235
2092 (base 12) to base 3
11220002
-1001100001011001 (base 2) to base 3
-1222111111
Convert -5050 (base 9) to base 4.
-321222
Convert 50a7 (base 13) to base 5.
323442
What is 11401 (base 8) in base 15?
1695
Convert cc05 (base 13) to base 9.
42852
Convert 1240344 (base 5) to base 8.
57632
What is -64 (base 12) in base 2?
-1001100
What is 33b (base 16) in base 5?
11302
What is 2407 (base 10) in base 16?
967
Convert -5905 (base 11) to base 3.
-101122000
Convert -3421 (base 6) to base 10.
-805
Convert 1000100